{"id":169,"date":"2022-01-18T19:23:24","date_gmt":"2022-01-18T18:23:24","guid":{"rendered":"http:\/\/e-biostat.uniag.sk\/?page_id=169"},"modified":"2022-01-24T21:25:54","modified_gmt":"2022-01-24T20:25:54","slug":"realizacne-vystupy","status":"publish","type":"page","link":"https:\/\/e-biostat.uniag.sk\/?page_id=169","title":{"rendered":"Realiza\u010dn\u00e9 v\u00fdstupy"},"content":{"rendered":"","protected":false},"excerpt":{"rendered":"","protected":false},"author":1,"featured_media":0,"parent":0,"menu_order":0,"comment_status":"closed","ping_status":"closed","template":"","meta":{"Layout":"1c-narrow"},"_links":{"self":[{"href":"https:\/\/e-biostat.uniag.sk\/index.php?rest_route=\/wp\/v2\/pages\/169"}],"collection":[{"href":"https:\/\/e-biostat.uniag.sk\/index.php?rest_route=\/wp\/v2\/pages"}],"about":[{"href":"https:\/\/e-biostat.uniag.sk\/index.php?rest_route=\/wp\/v2\/types\/page"}],"author":[{"embeddable":true,"href":"https:\/\/e-biostat.uniag.sk\/index.php?rest_route=\/wp\/v2\/users\/1"}],"replies":[{"embeddable":true,"href":"https:\/\/e-biostat.uniag.sk\/index.php?rest_route=%2Fwp%2Fv2%2Fcomments&post=169"}],"version-history":[{"count":38,"href":"https:\/\/e-biostat.uniag.sk\/index.php?rest_route=\/wp\/v2\/pages\/169\/revisions"}],"predecessor-version":[{"id":524,"href":"https:\/\/e-biostat.uniag.sk\/index.php?rest_route=\/wp\/v2\/pages\/169\/revisions\/524"}],"wp:attachment":[{"href":"https:\/\/e-biostat.uniag.sk\/index.php?rest_route=%2Fwp%2Fv2%2Fmedia&parent=169"}],"curies":[{"name":"wp","href":"https:\/\/api.w.org\/{rel}","templated":true}]}}